 f**3/6 - 7*f**2/2 - f. Give i(j).
-1
Let w(d) = 3*d**3 + 2*d**2 + 4*d + 3. Let p = -51 - -59. Suppose 3*l - 10 = p*l. Calculate w(l).
-21
Let f be (12/(-8))/(3/2). Let h(c) = -5*c**2 + 4*c + 4. Let k be h(f). Let x(o) = o**2 + 4*o + 3. Determine x(k).
8
Suppose 0 = -11*u - 9 + 53. Let s(q) = 3 - u*q - 3 + 4. Determine s(7).
-24
Let g(v) = 6*v + 1. Let s be g(1). Suppose 25 = -s*b + 2*b. Let t(y) be the first derivative of -y**2/2 - 7*y + 1457. What is t(b)?
-2
Let n(v) = -4*v**3 + v**2 + 3*v + 1. Let z = 105 - 107. Give n(z).
31
Let k(i) = -i**3 + 3*i**2 + 3*i - 1. Suppose 2*z - 102 = 4*m, -4*z - 2*m = -7*m - 189. Let p = z - 37. Give k(p).
-5
Let a = -15 - -7. Let x(g) = -7*g**2 + 6*g + 10909 - 5454 - g**3 + 0*g - 5465. What is x(a)?
6
Suppose -2*l - 7*l = -612. Let x = -66 + l. Let f(w) = -w + 3. Give f(x).
1
Let o be 40/(-520) + 40/13. Let u(b) = -7*b - 2 + 1 - 9*b**2 - 3 - 5*b**3. Let h(z) = 9*z**3 + 17*z**2 + 13*z + 7. Let g(j) = 6*h(j) + 11*u(j). Give g(o).
1
Let a(n) = -2*n - 6. Suppose 4*x + 378 = 13*x. Suppose -4*r - 2*r - x = 0. Determine a(r).
8
Let n(k) be the third derivative of -k**5/60 + 7*k**4/24 - k**3/6 + k**2. Let g = -2528 + 2535. Calculate n(g).
-1
Suppose 3*o - 10 - 12 = -5*x, -2*x + 3*o = 8. Let n(m) = -2*m**2 + m + 2. Let s be n(x). Let g(k) = k**2 - k**3 - 3*k**2 + 479 - 477 + 6*k. What is g(s)?
10
Let r(l) be the second derivative of -2*l - 1/20*l**5 + 0*l**2 + 0 + 0*l**3 - 5/12*l**4. What is r(-5)?
0
Let c(p) be the second derivative of p**3/6 + 13*p**2/2 - 53*p - 2. Determine c(-6).
7
Let n(x) = -x**2 + 8*x + 40. Let v be n(13). Let k = -28 - v. Let b(y) be the third derivative of y**5/60 + y**4/24 - y**3/2 + y**2. Determine b(k).
3
Let a(g) be the third derivative of g**8/6720 - g**7/360 - g**6/360 + 3*g**5/40 + 7*g**4/8 - 34*g**2. Let z(t) be the second derivative of a(t). Calculate z(7).
-5
Let i(s) = -6. Let l(o) = -o**2 + 7*o - 26. Let w(m) = 5*i(m) - l(m). Determine w(8).
4
Let k(m) be the second derivative of m**4/4 - 7*m**3/6 - 202*m. Calculate k(5).
40
Suppose 4*z - 3*v + 31 = 0, 3*z - 5 - 3 = -4*v. Let f(a) be the third derivative of -3*a**2 + 0 + 0*a - 5/24*a**4 - a**3 - 1/60*a**5. What is f(z)?
-2
Let v(f) = f**3 + 0*f**2 + 4*f**2 + f**2 + 2. Let c = -100 - -90. Let x be c/((3 + -4)*-2). Determine v(x).
2
Let n(q) be the second derivative of -q**7/2520 - q**6/360 - q**5/120 - 3*q**4/4 + 4*q. Let y(i) be the third derivative of n(i). Calculate y(-3).
-4
Let q(w) = 175*w + 189. Let t(k) = 11*k + 12. Let g(r) = -4*q(r) + 63*t(r). Give g(-3).
21
Let m(x) = -4*x**3 + x**2 + x + 1. Let l = 7 + -5. Let u be ((-3)/9)/(l/6). Calculate m(u).
5
Let h(p) = 4*p + 129 - 91 - 80 - 10*p. Determine h(-7).
0
Let b(t) = -7 + 3 + 0*t**3 + 6*t**2 - 8*t + t**3 + 0*t**3. Calculate b(-7).
3
Let f(r) = 3*r**3 + 13*r**2 - 18*r - 13. Let i be (-2)/((0 - 2) + 1). Let q(c) = -c**3 - 4*c**2 + 6*c + 4. Let b(d) = i*f(d) + 7*q(d). Calculate b(-4).
10
Let c(f) = -3 - 317*f**3 + 629*f**3 - 2 - 5*f - 313*f**3 - 6*f**2. Give c(-5).
-5
Let k(m) be the first derivative of -m**2/2 - 3*m - 14. Calculate k(-6).
3
Let l(y) = 8*y**3 - y + 1. Suppose -5*i = 5*g + 15, 7*i = 6*i - 3*g - 11. Determine l(i).
8
Let k = 25 - 11. Suppose -7*n + k = -0*n. Let j(x) = x**2 + 2*x - 4*x**n - 2*x**3 + 2*x**2. Calculate j(-2).
8
Let a(x) = -x**3 - 6*x**2 + 7*x + 3. Let t be (7 - 6 - 11) + (-9)/(-3). Determine a(t).
3
Let a(p) = -p**3 + 4*p**2 + p + 4. Suppose -5*w + 5*k = -20, 0 = 267*w - 269*w - 4*k + 14. Give a(w).
-16
Let x(q) be the first derivative of -2*q**3/3 - 13*q**2/2 - 3*q + 493. What is x(-7)?
-10
Let v be (23/161)/((-1)/(-42)). Let s(l) = -3*l + 8. Determine s(v).
-10
Let g(b) be the first derivative of b**4/4 - 3*b**3 - b**2/2 + 7*b + 1. Let m = 4 + -2. Suppose f - 3 = -m*c, 4*f = -f + 2*c + 51. Determine g(f).
-2
Let o = -885 + 880. Let b(l) = -l**2 - 8*l - 9. What is b(o)?
6
Let t(g) = g + 29. Let d be (-194)/3783 + 550/78. What is t(d)?
36
Let n(r) = -7*r + 4*r + 12*r**3 - 11*r**3 + 6 + 4*r**2. Suppose 2*d - d = -5. What is n(d)?
-4
Let y(h) = h**2 - 6*h - 7. Suppose -16 = 4*v - 3*k, -4*v = k - 0*k + 32. Let b(m) = -5*m - 29. Let x be b(v). Calculate y(x).
-7
Suppose 1 = 5*w - 4. Let x(b) = -4*b**2 + 14065805*b + 1 - 14065805*b. Determine x(w).
-3
Let u(s) = -s**3 - 7*s**2 + 7*s - 3. Let o(k) = -11*k + 102. Let w be o(10). What is u(w)?
5
Let t(r) = r + 3. Let m(k) be the second derivative of -k**5/20 - 7*k**4/12 - 2*k**3 - 13*k**2/2 + 36*k. Let y be m(-5). Determine t(y).
0
Let r = -2 - -3. Let m(k) = -k**3 + 5*k**2 + 5*k + 18. Let o be m(6). Let x(a) = -a - 5 + 4 + 2 + 0 + o*a**2. Determine x(r).
12
Let j be 440/24 - (-2)/(-6). Let c(z) = -z + j - 11 + 4. Calculate c(5).
6
Suppose d - i - 2 = 0, -6 = -2*d - d - 5*i. Let p(c) = 1 + d + c**2 - c - 2. Suppose 23*a + 22 = -24. Give p(a).
7
Let r = 816 - 805. Let k(v) = v**3 - 9*v**2 - 24*v + 25. What is k(r)?
3
Let d(p) = -17*p**3 + p**2 - 2*p + 3. Let x(i) = -18*i**3 + 2*i**2 - 3*i + 4. Suppose 0*n = -4*n + 12. Let k(m) = n*d(m) - 2*x(m). What is k(1)?
-15
Let t(c) = -2*c**2 + 5*c - 3. Let f(b) = b**2 - 3*b + 2. Let p(i) = -7*f(i) - 4*t(i). Let d be p(2). Let x(u) = 11 + u - d + 1. Determine x(-6).
2
Let x(a) = -a**3 + 5*a**2 - 4*a + 2. Let y = 16 + -13. Calculate x(y).
8
Let a(g) = -g**3 - 6*g**2 + 6*g - 5. Let s be a(-7). Let u(c) = 6*c - 3*c + 3*c - 1 + c**s. Let o = 250 + -256. Calculate u(o).
-1
Let o(w) = w**2 - 4*w + 2. Let s be o(4). Suppose s - 2 = 16*m. Let z(c) = c**2 + 2. Determine z(m).
2
Let r(o) = 3*o - 8. Let l(p) = p**2 - 5*p + 4. Let s be l(4). Suppose -2*v - 4*j + 16 = s, 0 = -2*j + 3*j - 1. What is r(v)?
10
Let b(w) be the second derivative of w**5/20 + 5*w**4/4 + w**3/6 + 8*w**2 + 57*w. Determine b(-15).
1
Let d(n) be the third derivative of n**4/24 + n**3/3 - n**2. Let w = -21 + 25. Let f be 2/w*(-20)/(-1 - 1). What is d(f)?
7
Suppose -9 - 26 = -7*g. Let t(c) = -c**3 + 8*c**2 - 7*c - 2. What is t(g)?
38
Suppose 53*f - 48*f = 60. Let j(a) = -a**3 + 13*a**2 - 14*a + 27. What is j(f)?
3
Let i(c) be the third derivative of -c**4/8 - 1669*c**2 + c. Suppose -6*s = -3*s + 3. Give i(s).
3
Suppose 3 = 3*w + 2*n - 2, 0 = 5*w - 5*n. Let f(j) = j + 2 - w - 3 - 3*j. Give f(3).
-8
Let l(a) be the second derivative of -a**4/12 - 7*a**3/6 + 13*a**2/2 - 176*a. What is l(-9)?
-5
Let t(d) = d**2 + 4*d + 2. Let p(a) = 18*a**3 + a**2 - 2*a + 1. Let b be p(1). Suppose -23*x - 10 = -b*x. What is t(x)?
-2
Let h(o) be the second derivative of -o**3/6 - 3*o**2/2 - 5*o. Let l be (4 - (-104)/(-24))/((-2)/(-30)). Calculate h(l).
2
Suppose w - 21 = 2*u - 2*w, 2*u = 4*w - 24. Let s be 60/(-10)*(-1 + (-2)/(-3)). Let n be (u - -3) + 2 + s. Let z(m) = 5*m**3 + 2*m - 1. Determine z(n).
6
Let q(l) = -l**3 - 10*l**2 - 10*l + 7. Let w be (-20)/3*(765/75 - 9). Give q(w).
-41
Let u be 5/(-1 - (3 + -5)). Let r = -3 + u. Let x = r + -5. Let p(k) = k**3 + 2*k**2 - 5*k - 3. Give p(x).
3
Let t(y) = -4*y**3 - 9*y - 3. Let b(p) = -7*p**3 + 2*p**2 - 16*p - 7. Let a(d) = 3*b(d) - 5*t(d). Let h = -1 + 6. What is a(h)?
4
Suppose -m + 4 = i - 3, 27 = 5*m + 3*i. Suppose -5*l + 11 = -4*b - 2, 0 = -4*b - m*l + 27. Let r(o) = -2 - o**2 + 2*o + 3*o - 6 + b*o. Calculate r(6).
4
Let b(v) be the second derivative of -v**6/720 - v**5/120 + 19*v**4/12 - 7*v. Let k(h) be the third derivative of b(h). Determine k(-4).
3
Let c(v) be the second derivative of v**5/10 - v**4/4 - v**3/3 - v**2/2 - 138*v. Calculate c(2).
-1
Let m(s) = -4*s + 14 + 10*s + 0. Let g(r) = 2*r + 5. Let k(t) = -17*g(t) + 6*m(t). Let x = 4 + -5. Determine k(x).
-3
Suppose 5*c = -11 - 4. Let s be c - (4 - 9 - 1). Let i(p) = -p + 4 + p**2 + 0*p - 1 - s*p. What is i(4)?
3
Let k(c) = 2*c**3 - 11*c**2. Let w(b) = -b**3 + 10*b**2 + 1. Let y(p) = -2*k(p) - 3*w(p). Calculate y(-8).
-3
Suppose -3*y = -3*i, -4*y - 4*i = -11 + 3. Suppose -5*r = 4*u + 30, 4*r - 2*u - 1 - y = 0. Let d(f) = 3*f + 2 + f**2 - 2. Give d(r).
-2
Let b(p) = -4*p**3 - 3*p**2 - 5. Let t(g) = -g**3 - 2*g**2 - g + 1. Let i(o) = b(o) - 5*t(o). Calculate i(-7).
-45
Suppose 0*p + 4 = p. Suppose -5*m - 4 = 4*j, -2*j - p = -2*m - 5*j. Let r(l) = -1 + 4*l - 6*l**2 + 10*l**2 - 3*l**2. Determine r(m).
-1
Suppose -9*o - 27*o + 180 = 0. Let g(j) be the third derivative of 1/120*j**6 + 0*j - 6*j**2 + 1/20*j**o +